{"id":74,"date":"2023-10-02T14:28:46","date_gmt":"2023-10-02T12:28:46","guid":{"rendered":"https:\/\/femref.uni-oldenburg.de\/en\/?page_id=74"},"modified":"2023-10-04T10:41:48","modified_gmt":"2023-10-04T08:41:48","slug":"accessibility","status":"publish","type":"page","link":"https:\/\/femref.uni-oldenburg.de\/en\/landing\/program\/accessibility\/","title":{"rendered":"Accessibility"},"content":{"rendered":"\n<p>We try to make our events as accessible as possible. If that is not possible, we will point out barriers. Feel free to talk to us before events or write an email if there are specific things we can pay attention to in order to allow you to participate.<\/p>\n\n\n\n<p>Many events take place in the UfO Caf\u00e9. This has a single stall restroom that is unfortunately not wheelchair accessible.<\/p>\n\n\n\n<p>Food provided by us in workshops is always vegan.<\/p>\n\n\n\n<p>At sporting events, unfortunately, locker rooms are binary-gendered. At our events, all people should be able to feel comfortable and change in exactly the locker room they choose for themselves. As another option, people can also change in the event room.<\/p>\n\n\n\n<div style=\"height:50px\" aria-hidden=\"true\" class=\"wp-block-spacer\"><\/div>\n\n\n\n<h4 class=\"wp-block-heading has-text-align-center\" id=\"translation\" style=\"text-transform:uppercase\">\u00dcbersetzungen | Translation<\/h4>\n\n\n\n<details class=\"wp-block-details has-border-color has-primary-border-color is-layout-flow wp-block-details-is-layout-flow\" style=\"border-width:5px;padding-top:var(--wp--preset--spacing--xx-small);padding-right:var(--wp--preset--spacing--xx-small);padding-bottom:var(--wp--preset--spacing--xx-small);padding-left:var(--wp--preset--spacing--xx-small)\" open><summary>Englisch | Translation<\/summary>\n<div class=\"wp-block-group is-vertical is-layout-flex wp-container-core-group-is-layout-974b1ba0 wp-block-group-is-layout-flex\" style=\"padding-right:var(--wp--preset--spacing--medium);padding-left:var(--wp--preset--spacing--medium)\">\n<p>If you want to attend one of our courses and need translation into English or another language, feel free to contact us. We can not guarantee that we will always be able to provide translation, but we try to make our courses accessible for as many people as possible.<\/p>\n<\/div>\n<\/details>\n\n\n\n<div class=\"wp-block-columns is-layout-flex wp-container-core-columns-is-layout-d099ec30 wp-block-columns-is-layout-flex\" style=\"border-style:none;border-width:0px;margin-top:0;margin-bottom:0;padding-top:var(--wp--preset--spacing--xx-small);padding-right:0;padding-bottom:var(--wp--preset--spacing--xx-small);padding-left:0\">\n<div class=\"wp-block-column is-layout-flow wp-block-column-is-layout-flow\">\n<details class=\"wp-block-details has-border-color has-primary-border-color is-layout-flow wp-block-details-is-layout-flow\" style=\"border-width:5px;padding-top:var(--wp--preset--spacing--xx-small);padding-right:var(--wp--preset--spacing--xx-small);padding-bottom:var(--wp--preset--spacing--xx-small);padding-left:var(--wp--preset--spacing--xx-small)\"><summary>Deutsch | \u00dcbersetzung<\/summary>\n<div class=\"wp-block-group is-vertical is-layout-flex wp-container-core-group-is-layout-974b1ba0 wp-block-group-is-layout-flex\" style=\"padding-right:var(--wp--preset--spacing--medium);padding-left:var(--wp--preset--spacing--medium)\">\n<p>Falls du an einer unserer Veranstaltungen teilnehmen m\u00f6chtest und daf\u00fcr eine \u00dcbersetzung in Geb\u00e4rden- oder Schriftsprache oder eine andere Sprache ben\u00f6tigst, kannst du dich gerne bei uns melden. Wir k\u00f6nnen nicht immer garantieren, dass wir eine \u00dcbersetzung anbieten k\u00f6nnen, aber wir versuchen, unsere Veranstaltungen so vielen Personen wie m\u00f6glich zug\u00e4nglich zu machen.<\/p>\n<\/div>\n<\/details>\n\n\n\n<details class=\"wp-block-details has-border-color has-primary-border-color is-layout-flow wp-block-details-is-layout-flow\" style=\"border-width:5px;margin-right:0;margin-left:0;padding-top:var(--wp--preset--spacing--xx-small);padding-right:var(--wp--preset--spacing--xx-small);padding-bottom:var(--wp--preset--spacing--xx-small);padding-left:var(--wp--preset--spacing--xx-small)\"><summary>T\u00fcrkisch | \u00c7eviri<\/summary>\n<div class=\"wp-block-group is-vertical is-layout-flex wp-container-core-group-is-layout-974b1ba0 wp-block-group-is-layout-flex\" style=\"padding-right:var(--wp--preset--spacing--medium);padding-left:var(--wp--preset--spacing--medium)\">\n<p>E\u011fer etkinliklerimizden birine kat\u0131lmak istiyor ve T\u00fcrk\u00e7e ya da ba\u015fka bir dilde \u00e7eviriye ihtiya\u00e7 duyuyorsan bize haber verebilirsin. \u00c7eviri sunmay\u0131 garanti edemeyiz ama etkinliklerimizi bir\u00e7ok ki\u015fiye eri\u015filebilir k\u0131lmak i\u00e7in u\u011fra\u015f\u0131yoruz.<\/p>\n<\/div>\n<\/details>\n<\/div>\n\n\n\n<div class=\"wp-block-column is-layout-flow wp-block-column-is-layout-flow\">\n<details class=\"wp-block-details has-border-color has-primary-border-color is-layout-flow wp-block-details-is-layout-flow\" style=\"border-width:5px;padding-top:var(--wp--preset--spacing--xx-small);padding-right:var(--wp--preset--spacing--xx-small);padding-bottom:var(--wp--preset--spacing--xx-small);padding-left:var(--wp--preset--spacing--xx-small)\"><summary>Spanisch | Traducci\u00f3n<\/summary>\n<div class=\"wp-block-group is-vertical is-layout-flex wp-container-core-group-is-layout-974b1ba0 wp-block-group-is-layout-flex\" style=\"padding-right:var(--wp--preset--spacing--medium);padding-left:var(--wp--preset--spacing--medium)\">\n<p>Si quieres participar en uno de nuestros cursos y necesitas traducci\u00f3n a Espa\u00f1ol u otro idioma, nos puedes contactar. No podemos garantizar que siempre sea posible ofrecer traducci\u00f3n, pero tratamos de hacer nuestros cursos accesible para todxs.<\/p>\n<\/div>\n<\/details>\n\n\n\n<details class=\"wp-block-details has-border-color has-primary-border-color is-layout-flow wp-block-details-is-layout-flow\" style=\"border-width:5px;padding-top:var(--wp--preset--spacing--xx-small);padding-right:var(--wp--preset--spacing--xx-small);padding-bottom:var(--wp--preset--spacing--xx-small);padding-left:var(--wp--preset--spacing--xx-small)\"><summary>Franz\u00f6sisch | Traduction<\/summary>\n<div class=\"wp-block-group is-vertical is-layout-flex wp-container-core-group-is-layout-974b1ba0 wp-block-group-is-layout-flex\" style=\"padding-right:var(--wp--preset--spacing--medium);padding-left:var(--wp--preset--spacing--medium)\">\n<p>Si tu voudras participer \u00e0 l\u2018une des nos manifestations et auras besoin d\u2018une traduction en Fran\u00e7ais ou une autre langue, contacte nous! Nous ne pouvons pas garantir, que nous serons toujours capable d\u2018offrir une traduction, mais nous essayons de permettre l\u2018acc\u00e8s \u00e0 nos manifestations \u00e0 autant personnes qu\u2018il est possible.<\/p>\n<\/div>\n<\/details>\n<\/div>\n<\/div>\n","protected":false},"excerpt":{"rendered":"<p>We try to make our events as accessible as possible. If that is not possible, we will point out barriers. Feel free to talk to us before events or write an email if there are specific things we can pay attention to in order to allow you to participate. Many events take place in the [&hellip;]<\/p>\n","protected":false},"author":1,"featured_media":0,"parent":71,"menu_order":0,"comment_status":"closed","ping_status":"closed","template":"","meta":{"footnotes":""},"class_list":["post-74","page","type-page","status-publish","hentry"],"_links":{"self":[{"href":"https:\/\/femref.uni-oldenburg.de\/en\/wp-json\/wp\/v2\/pages\/74","targetHints":{"allow":["GET"]}}],"collection":[{"href":"https:\/\/femref.uni-oldenburg.de\/en\/wp-json\/wp\/v2\/pages"}],"about":[{"href":"https:\/\/femref.uni-oldenburg.de\/en\/wp-json\/wp\/v2\/types\/page"}],"author":[{"embeddable":true,"href":"https:\/\/femref.uni-oldenburg.de\/en\/wp-json\/wp\/v2\/users\/1"}],"replies":[{"embeddable":true,"href":"https:\/\/femref.uni-oldenburg.de\/en\/wp-json\/wp\/v2\/comments?post=74"}],"version-history":[{"count":3,"href":"https:\/\/femref.uni-oldenburg.de\/en\/wp-json\/wp\/v2\/pages\/74\/revisions"}],"predecessor-version":[{"id":150,"href":"https:\/\/femref.uni-oldenburg.de\/en\/wp-json\/wp\/v2\/pages\/74\/revisions\/150"}],"up":[{"embeddable":true,"href":"https:\/\/femref.uni-oldenburg.de\/en\/wp-json\/wp\/v2\/pages\/71"}],"wp:attachment":[{"href":"https:\/\/femref.uni-oldenburg.de\/en\/wp-json\/wp\/v2\/media?parent=74"}],"curies":[{"name":"wp","href":"https:\/\/api.w.org\/{rel}","templated":true}]}}

<p>We try to make our events as accessible as possible. If that is not possible, we will point out barriers. Feel free to talk to us before events or write an email if there are specific things we can pay attention to in order to allow you to participate.</p>



<p>Many events take place in the UfO Café. This has a single stall restroom that is unfortunately not wheelchair accessible.</p>



<p>Food provided by us in workshops is always vegan.</p>



<p>At sporting events, unfortunately, locker rooms are binary-gendered. At our events, all people should be able to feel comfortable and change in exactly the locker room they choose for themselves. As another option, people can also change in the event room.</p>



<div style="height:50px" aria-hidden="true" class="wp-block-spacer"></div>



<h4 class="wp-block-heading has-text-align-center" id="translation" style="text-transform:uppercase">Übersetzungen | Translation</h4>



<details class="wp-block-details has-border-color has-primary-border-color is-layout-flow wp-block-details-is-layout-flow" style="border-width:5px;padding-top:var(--wp--preset--spacing--xx-small);padding-right:var(--wp--preset--spacing--xx-small);padding-bottom:var(--wp--preset--spacing--xx-small);padding-left:var(--wp--preset--spacing--xx-small)" open><summary>Englisch | Translation</summary>
<div class="wp-block-group is-vertical is-layout-flex wp-container-core-group-is-layout-974b1ba0 wp-block-group-is-layout-flex" style="padding-right:var(--wp--preset--spacing--medium);padding-left:var(--wp--preset--spacing--medium)">
<p>If you want to attend one of our courses and need translation into English or another language, feel free to contact us. We can not guarantee that we will always be able to provide translation, but we try to make our courses accessible for as many people as possible.</p>
</div>
</details>



<div class="wp-block-columns is-layout-flex wp-container-core-columns-is-layout-d099ec30 wp-block-columns-is-layout-flex" style="border-style:none;border-width:0px;margin-top:0;margin-bottom:0;padding-top:var(--wp--preset--spacing--xx-small);padding-right:0;padding-bottom:var(--wp--preset--spacing--xx-small);padding-left:0">
<div class="wp-block-column is-layout-flow wp-block-column-is-layout-flow">
<details class="wp-block-details has-border-color has-primary-border-color is-layout-flow wp-block-details-is-layout-flow" style="border-width:5px;padding-top:var(--wp--preset--spacing--xx-small);padding-right:var(--wp--preset--spacing--xx-small);padding-bottom:var(--wp--preset--spacing--xx-small);padding-left:var(--wp--preset--spacing--xx-small)"><summary>Deutsch | Übersetzung</summary>
<div class="wp-block-group is-vertical is-layout-flex wp-container-core-group-is-layout-974b1ba0 wp-block-group-is-layout-flex" style="padding-right:var(--wp--preset--spacing--medium);padding-left:var(--wp--preset--spacing--medium)">
<p>Falls du an einer unserer Veranstaltungen teilnehmen möchtest und dafür eine Übersetzung in Gebärden- oder Schriftsprache oder eine andere Sprache benötigst, kannst du dich gerne bei uns melden. Wir können nicht immer garantieren, dass wir eine Übersetzung anbieten können, aber wir versuchen, unsere Veranstaltungen so vielen Personen wie möglich zugänglich zu machen.</p>
</div>
</details>



<details class="wp-block-details has-border-color has-primary-border-color is-layout-flow wp-block-details-is-layout-flow" style="border-width:5px;margin-right:0;margin-left:0;padding-top:var(--wp--preset--spacing--xx-small);padding-right:var(--wp--preset--spacing--xx-small);padding-bottom:var(--wp--preset--spacing--xx-small);padding-left:var(--wp--preset--spacing--xx-small)"><summary>Türkisch | Çeviri</summary>
<div class="wp-block-group is-vertical is-layout-flex wp-container-core-group-is-layout-974b1ba0 wp-block-group-is-layout-flex" style="padding-right:var(--wp--preset--spacing--medium);padding-left:var(--wp--preset--spacing--medium)">
<p>Eğer etkinliklerimizden birine katılmak istiyor ve Türkçe ya da başka bir dilde çeviriye ihtiyaç duyuyorsan bize haber verebilirsin. Çeviri sunmayı garanti edemeyiz ama etkinliklerimizi birçok kişiye erişilebilir kılmak için uğraşıyoruz.</p>
</div>
</details>
</div>



<div class="wp-block-column is-layout-flow wp-block-column-is-layout-flow">
<details class="wp-block-details has-border-color has-primary-border-color is-layout-flow wp-block-details-is-layout-flow" style="border-width:5px;padding-top:var(--wp--preset--spacing--xx-small);padding-right:var(--wp--preset--spacing--xx-small);padding-bottom:var(--wp--preset--spacing--xx-small);padding-left:var(--wp--preset--spacing--xx-small)"><summary>Spanisch | Traducción</summary>
<div class="wp-block-group is-vertical is-layout-flex wp-container-core-group-is-layout-974b1ba0 wp-block-group-is-layout-flex" style="padding-right:var(--wp--preset--spacing--medium);padding-left:var(--wp--preset--spacing--medium)">
<p>Si quieres participar en uno de nuestros cursos y necesitas traducción a Español u otro idioma, nos puedes contactar. No podemos garantizar que siempre sea posible ofrecer traducción, pero tratamos de hacer nuestros cursos accesible para todxs.</p>
</div>
</details>



<details class="wp-block-details has-border-color has-primary-border-color is-layout-flow wp-block-details-is-layout-flow" style="border-width:5px;padding-top:var(--wp--preset--spacing--xx-small);padding-right:var(--wp--preset--spacing--xx-small);padding-bottom:var(--wp--preset--spacing--xx-small);padding-left:var(--wp--preset--spacing--xx-small)"><summary>Französisch | Traduction</summary>
<div class="wp-block-group is-vertical is-layout-flex wp-container-core-group-is-layout-974b1ba0 wp-block-group-is-layout-flex" style="padding-right:var(--wp--preset--spacing--medium);padding-left:var(--wp--preset--spacing--medium)">
<p>Si tu voudras participer à l‘une des nos manifestations et auras besoin d‘une traduction en Français ou une autre langue, contacte nous! Nous ne pouvons pas garantir, que nous serons toujours capable d‘offrir une traduction, mais nous essayons de permettre l‘accès à nos manifestations à autant personnes qu‘il est possible.</p>
</div>
</details>
</div>
</div>
